ase 7, what is 0 + -120263?
-120263
In base 10, what is 30564 - -4?
30568
In base 11, what is -304 - 7?
-310
In base 12, what is -7b7 + 92?
-725
In base 5, what is -3 - -11204212?
11204204
In base 9, what is 1 - 45533?
-45532
In base 7, what is -10603 - -116?
-10454
In base 14, what is -199 + 22a?
71
In base 9, what is 144121 + 2?
144123
In base 2, what is 1101111100011 + 1000010111?
1110111111010
In base 9, what is 374 + -242?
132
In base 8, what is 43 + 41034?
41077
In base 8, what is -105 - -206?
101
In base 6, what is -1500 + -24?
-1524
In base 15, what is -2bcbe + 3?
-2bcbb
In base 12, what is 20 - -13?
33
In base 3, what is 1001110 - 201101?
100002
In base 11, what is -aa12 - 7?
-aa19
In base 12, what is 28 - 312?
-2a6
In base 5, what is 22213411 + 4?
22213420
In base 7, what is -233401 + -5?
-233406
In base 5, what is 200 + -14114?
-13414
In base 13, what is -284c - 4?
-2853
In base 6, what is 1 + -2500200?
-2500155
In base 10, what is -5749 - 103?
-5852
In base 6, what is 14 - 1432035?
-1432021
In base 3, what is 2120010022 - 20?
2120010002
In base 3, what is -10000021121 + 1?
-10000021120
In base 6, what is 3123424 - -4?
3123432
In base 7, what is -4051 - -101?
-3650
In base 10, what is -2 + -7963?
-7965
In base 16, what is 12c + -142?
-16
In base 12, what is a3 + 16681?
16764
In base 5, what is -1 + -3112?
-3113
In base 7, what is 1003452 - 1?
1003451
In base 4, what is 302313 - 20000?
222313
In base 16, what is -5b + -1b0?
-20b
In base 2, what is -101001001 - -1011111?
-11101010
In base 9, what is 5735 + 53?
5788
In base 10, what is -49708 + -4?
-49712
In base 2, what is 110000 - -11011100101?
11100010101
In base 7, what is 1063 - -4623?
6016
In base 4, what is -101112233333 - -1?
-101112233332
In base 14, what is 58 - 4834?
-47ba
In base 4, what is -33333322 - 13?
-100000001
In base 13, what is -22 + 1b2?
190
In base 5, what is 1 + 32311203?
32311204
In base 6, what is -5 + 3100031?
3100022
In base 15, what is -250 + 77?
-1c8
In base 7, what is 114 + -4?
110
In base 8, what is -63 + 1040?
755
In base 7, what is -33201 - -12?
-33156
In base 2, what is -101 + 10001001110010?
10001001101101
In base 6, what is -1 - -10321454?
10321453
In base 15, what is -6 + -973?
-979
In base 7, what is 452222 - 0?
452222
In base 5, what is -21030111 - 30?
-21030141
In base 11, what is -15 - -a688?
a673
In base 14, what is -8 + 9c9?
9c1
In base 10, what is -146033 - 2?
-146035
In base 6, what is -13441223 - -4?
-13441215
In base 6, what is -4 - -30255?
30251
In base 6, what is 1 + 1450024?
1450025
In base 10, what is -41233 - 4?
-41237
In base 10, what is -2927 - -243?
-2684
In base 2, what is -100 - 10111100000111100?
-10111100001000000
In base 4, what is -32100 - 302?
-33002
In base 7, what is 33 - 1263532?
-1263466
In base 15, what is 2 - 1113b?
-11139
In base 10, what is -39540 - 38?
-39578
In base 5, what is -1241100 + 12?
-1241033
In base 10, what is -2817 + 7?
-2810
In base 2, what is 100110100110101001111 - -100?
100110100110101010011
In base 2, what is -101011000100 + 11100110?
-100111011110
In base 4, what is 330 - -13202103?
13203033
In base 16, what is 32c2 - -5?
32c7
In base 2, what is -1000000 + 110111001000101?
110111000000101
In base 10, what is -3210285 - -1?
-3210284
In base 6, what is 4 - -10002150?
10002154
In base 5, what is -1310 + -120110?
-121420
In base 3, what is -1222222 - 220220?
-2220212
In base 7, what is 5 - 20443401?
-20443363
In base 6, what is -55 - -245?
150
In base 7, what is -1 + 245001?
245000
In base 4, what is 1 - -1221331?
1221332
In base 2, what is 101 + 1000100001010?
1000100001111
In base 8, what is -3350 + 564?
-2564
In base 15, what is 4 - -7396a?
7396e
In base 5, what is -104 + -1144300?
-1144404
In base 13, what is -1 + 1390a?
13909
In base 9, what is -67 - -1451?
1373
In base 9, what is 188 + -1228?
-1030
In base 9, what is 32 + -228?
-186
In base 3, what is 212200 + 2021?
221221
In base 4, what is 232301 + -10?
232231
In base 11, what is 4a5 + a18?
1412
In base 8, what is 106 + 43556?
43664
In base 5, what is -110011 + -30?
-110041
In base 10, what is -331621 - -2?
-331619
In base 13, what is 219a - 146?
2054
In base 9, what is 0 + -8128?
-8128
In base 10, what is -602 + 566?
-36
In base 8, what is 13375204 + 1?
13375205
In base 15, what is 216 + -48?
1bd
In base 13, what is 72 + -459?
-3b7
In base 3, what is 20220011 + 21?
20220102
In base 12, what is 1b + -a9b?
-a80
In base 4, what is -23320 - 1330010?
-2013330
In base 11, what is -326493 + 5?
-326489
In base 9, what is -384341 - 3?
-384344
In base 4, what is -130110 + 10?
-130100
In base 11, what is -4 + -213143?
-213147
In base 5, what is -333 - 4110?
-4443
In base 14, what is 25dc1 - -3?
25dc4
In base 13, what is ab87a5 + 2?
ab87a7
In base 4, what is 131231312 - 1?
131231311
In base 6, what is -10522153 + -3?
-10522200
In base 7, what is 4533 + 62?
4625
In base 5, what is -12 - -102211?
102144
In base 15, what is -1 + 4e5ee?
4e5ed
In base 8, what is 6 + 55220?
55226
In base 7, what is 2346 - -16?
2365
In base 4, what is 3333330 - 110?
3333220
In base 12, what is 173 - -922?
a95
In base 4, what is 11 + -231031233?
-231031222
In base 15, what is -5a0 - -2ab?
-2e4
In base 4, what is -31 + -2333220?
-2333311
In base 16, what is 2f5 + -53?
2a2
In base 7, what is 1564 + 662?
2556
In base 4, what is 131120 + 2?
131122
In base 7, what is 0 - -311?
311
In base 16, what is d53 - -78?
dcb
In base 9, what is 3113 - 226?
2776
In base 6, what is 4 + -130?
-122
In base 11, what is -39 - 4769?
-47a7
In base 3, what is 202011 - -1200?
210211
In base 15, what is 16 + -8cc2?
-8cab
In base 16, what is -1 + -4e3d?
-4e3e
In base 8, what is 32654 + -15?
32637
In base 3, what is 12 - 1212100101010?
-1212100100221
In base 10, what is -39235 + -12?
-39247
In base 8, what is -46412 - 1?
-46413
In base 11, what is 3 + 4860?
4863
In base 2, what is 10000 - 10001101001?
-10001011001
In base 11, what is aa44 - 2?
aa42
In base 5, what is 40044 - 3?
40041
In base 11, what is 4978 + 71?
4a39
In base 13, what is 71 - -5b5?
656
In base 9, what is 64284 - -12?
64306
In base 10, what is 565 - -57?
622
In base 5, what is -11 - -22230014?
22230003
In base 11, what is -6 - -122171?
122166
In base 15, what is -4 + b7c5?
b7c1
In base 15, what is -70 + -432?
-4a2
In base 7, what is 12602240 + 2?
12602242
In base 14, what is 0 + 8816d?
8816d
In base 7, what is 205224 + 5?
205232
In base 16, what is -a + -2938?
-2942
In base 5, what is 10133421 - 0?
10133421
In base 14, what is 9d3 + -7c?
955
In base 13, what is -4b - 494?
-512
In base 12, what is -237423 - 4?
-237427
In base 14, what is 1629 - 42?
15c7
In base 8, what is 72170 - 7?
72161
In base 4, what is -2100211221 + -3?
-2100211230
In base 16, what is 6 - b43ce?
-b43c8
In base 11, what is -135 + 32?
-103
In base 4, what is -2 + 101201?
101133
In base 2, what is 1 + -1001101001110111?
-1001101001110110
In base 6, what is 2112100 + 22?
2112122
In base 7, what is 4635201 - 3?
4635165
In base 7, what is -252311 - -11?
-252300
In base 11, what is 7a0 + -28?
773
In base 3, what is -2012 - 222210?
-1001222
In base 7, what is 5 + -1011602?
-1011564
In base 3, what is 2210021 + -12102?
2120212
In base 11, what is 4 - 58022?
-58019
In base 12, what is 2 + -6486?
-6484
In base 2, what is 10111001 - -1011000?
100010001
In base 8, what is -120 - 427?
-547
In base 16, what is 188f + e?
189d
In base 12, what is 818b7 - b?
818a8
In base 7, what is 2013 + -32?
1651
In base 13, what is bb - -6?
c4
In base 14, what is -113796 + -1?
-113797
In base 6, what is 10 - 34552?
-34542
In base 5, what is -21204104 - -2?
-21204102
In base 9, what is -35 + 4142?
4106
In base 15, what is -1b - -4130?
4114
In base 15, what is -6b60 - -4?
-6b5b
In base 9, what is 2 + 20347?
20350
In base 4, what is -3111002320 + 1?
-3111002313
In base 11, what is -82878a + 0?
-82878a
In base 2, what is -1 + 11110011010001110001?
11110011010001110000
In base 8, what is -127 - 15673?
-16022
In base 8, what is -114263 + -5?
-114270
In base 4, what is 2321132210 - 2?
2321132202
In base 15, what is 7a + 1aa?
235
In base 12, what is -631052 + 2?
-631050
In base 11, what is 0 - 32a516?
-32a516
In base 3, what is -10021102200 - 11?
-10021102211
In base 11, what is -20 + 459?
439
In base 6